x, -3*x + c*u = -42. What are the prime factors of x?
2, 7
Let y(x) = -x**3 + 5*x**2 + 6*x + 4. Let l be y(6). Suppose l*s - 4 = 8, -3*j + 30 = s. List the prime factors of j.
3
List the prime factors of (-120)/(-45)*(-3)/(-2).
2
Let c = -19 + 8. Let n = c + 25. What are the prime factors of n?
2, 7
Let l be 3*-2*1/3. Let a(s) = s**2 + s + 1. Let y(j) = -2*j**3 - 8*j**2 - 5*j - 5. Let q(v) = 5*a(v) + y(v). What are the prime factors of q(l)?
2
Suppose 0 = 2*p + 2*m - 94, -5*m + 0*m = -4*p + 170. Suppose 0 = -5*f + p. List the prime factors of f.
3
Let q(l) = -5 + 4 + 2*l + 2*l**2 + 2 + 5. What are the prime factors of q(4)?
2, 23
Let n be (-10 - -8)/((-1)/(-2)). Let l(c) = c**2 - 3*c - 6. List the prime factors of l(n).
2, 11
Let t = 11 - 1. Let b = t + -5. Let w = 17 - b. List the prime factors of w.
2, 3
Suppose 4*h - 681 = -5*w, 4*h + 5 = 1. Suppose -17 = 5*u - w. Suppose -4*f + u = -f. List the prime factors of f.
2
Let w(a) = a**2 - 8. Let z be w(-6). Let k be -2*(19/2 + -1). Let d = k + z. What are the prime factors of d?
11
Let k be (1 - 4)/((-2)/(-4)). Let z = 21 + k. What are the prime factors of z?
3, 5
What are the prime factors of (13 + -14)/((-74)/(-38) - 2)?
19
Let t = 118 + -28. Suppose -2*o - t = -7*o. What are the prime factors of o?
2, 3
Suppose -3*o = 4*k - 39, 4*k + 0*o + o = 37. What are the prime factors of k?
3
Let w = 115 + 45. What are the prime factors of w?
2, 5
Suppose 3*q + 2 = 119. List the prime factors of q.
3, 13
Let t(u) = 2*u. Let y be t(2). Suppose y*o + 0*o - 88 = 0. List the prime factors of o.
2, 11
Let p(x) = x**2 + 4*x + 3. Let o be p(-3). Suppose 3*a - 4 - 5 = o. Suppose 17 = a*n - 10. What are the prime factors of n?
3
Suppose -46 = -3*k + o, o + 21 = -4*k + 87. Let q = 34 - k. What are the prime factors of q?
2, 3
Suppose 6*x - 3*x - 2*l = 317, x + 2*l - 95 = 0. What are the prime factors of x?
103
Suppose 0 = 3*w - o - 377, 129 = w - 0*w + 3*o. What are the prime factors of w?
2, 3, 7
Suppose 0 = a - 3*l - 12, 3*l + 7 = -3*a - 17. Let f be (-17)/a - 4/6. Suppose p = -4*p + s + 51, -f*s + 64 = 4*p. List the prime factors of p.
11
Suppose 4*d = 293 - 101. List the prime factors of d.
2, 3
Let n be (2/(-3))/((-1)/3). Suppose -n*l - l = -4*b - 120, -l = -2*b - 42. Suppose -5*c + l = -c. List the prime factors of c.
3
Let q(p) = -3*p - 2. Let v be q(-2). Suppose 5*j - 4 = f + v, -5*f + 18 = 4*j. What are the prime factors of j?
2
What are the prime factors of 128/(-24)*63/(-2)?
2, 3, 7
Suppose 0 = -7*o + 3*o - 12, 3*a = -2*o + 3. Suppose -h + 0 + a = 0. List the prime factors of h.
3
Let k(t) = t**2 - 6*t + 7. Let d be k(7). Suppose d = -4*l + 2*l. Let c = 6 - l. What are the prime factors of c?
13
What are the prime factors of 2 - 370/(-14) - 33/77?
2, 7
Suppose -1360 = -4*p - 208. Suppose 6*a = 4*i + 2*a - p, i = 3*a + 62. Suppose 0*d = -3*b - 5*d + i, -b + 2*d = -11. What are the prime factors of b?
19
Suppose 3 = -4*z + 23. What are the prime factors of z?
5
Suppose 5*x = 2*h - 34, 0*x - 2*x = -5*h + 43. Let c be (6/(-7))/((-1)/h). List the prime factors of 9/6*8/c.
2
Let q(n) = 2*n**2 - 3*n - 1. What are the prime factors of q(-4)?
43
Let f(i) = -i**3 - 8*i**2 - 7*i + 8. Let u be f(-7). Let o(t) = -t**3 + 8*t**2 + t + 10. Let r be o(u). Suppose -5 = v - r. List the prime factors of v.
13
Suppose 0 = -13*j + 17*j - 728. List the prime factors of j.
2, 7, 13
Let b = 506 - 351. Suppose 20 = 5*n - b. List the prime factors of n.
5, 7
Let g(q) = -q**2 - 6*q + 6. Let b be g(-7). Let n be (-1)/((b - 0)*1). List the prime factors of (10 - 1) + (-2)/n.
7
What are the prime factors of 8/(-84)*3 + (-1404)/(-14)?
2, 5
Let n(u) = u - 1. Let f be n(3). Suppose -f*y - 1 + 7 = 0. Suppose 0 = y*s - 2*s, -60 = -5*b + 5*s. What are the prime factors of b?
2, 3
Let s(b) = -b**3 + 4*b**2 + 2*b + 1. Let v be s(6). Let r = v + 98. Suppose -3*a + 22 = w, -10 = 4*a + w - r. List the prime factors of a.
7
Let u(r) = r**3 + 7*r**2 - 19*r + 11. List the prime factors of u(-9).
2, 5
Suppose 2*l + 7 = -p, l - 5*p = -1 - 30. Let d = l + 13. List the prime factors of d.
7
Let i be 7 + (-3*3)/3. Suppose 1 + 7 = i*k. Suppose 0*r - 3*r - 3 = 0, k*r - 6 = -4*s. What are the prime factors of s?
2
Let l(c) be the second derivative of c**5/20 + c**4/6 - c**3/3 - c**2 - c. Let v be l(-2). Suppose -12 = -v*n - 4. List the prime factors of n.
2
What are the prime factors of 6*((-2)/12)/((-3)/114)?
2, 19
What are the prime factors of 9 + -3 - -3 - 0?
3
Let p = -54 - -122. List the prime factors of p.
2, 17
Suppose -5*t = 17 - 57. List the prime factors of t.
2
Let m = 6 - 0. Suppose z - m = -z. Suppose -z*s + 2*o = -28, -o - 42 = -2*s - 3*s. What are the prime factors of s?
2
Suppose -3*c + 53 = 4*f, -5*f = c + 10 - 35. Suppose -2*u = -73 + c. What are the prime factors of u?
29
Let t = 5 - 7. Let i(g) = 2*g**2 + 4*g + 2*g - 3*g. What are the prime factors of i(t)?
2
Let u be (-178)/(-3)*(-6)/4. Let l = u - -60. Let q = -21 - l. List the prime factors of q.
2
Let d(u) = u**2 + 9*u + 5. What are the prime factors of d(-11)?
3
Suppose -22*x = -4279 + 1331. What are the prime factors of x?
2, 67
Suppose 0 = 2*h - 4*u + 3 - 1, -h - 2*u = -11. Suppose -3*j - h = -41. List the prime factors of (-15)/4*(-32)/j.
2, 5
Suppose -134 = -5*v + c + 209, 5*c = 4*v - 287. Suppose 4*f + 4*j = 68, -6*f = -2*f - 3*j - v. What are the prime factors of f?
17
Suppose 0 = 34*z - 37*z + 132. List the prime factors of z.
2, 11
Suppose 3*c = 2*c. Let t = 25 + -12. Suppose -3*o + 3*g + t = -32, c = -4*o - g + 45. List the prime factors of o.
2, 3
Suppose 2 = -5*v + 22. What are the prime factors of (-72)/2*v/(-6)?
2, 3
Suppose -4*n - 143 = -5*c, 2*c = -3*n + 59 - 11. What are the prime factors of c?
3
Suppose 3*v = 5*i + 591, 5*i - 2*i - 951 = -5*v. List the prime factors of v.
2, 3
Suppose 0 = 4*i + 4, 4*c - 2*i = -6*i. Let t(y) = 6*y + 1. What are the prime factors of t(c)?
7
Let p = 11 + 34. Suppose -5*x + p = f + 4*f, x - 4*f = -16. List the prime factors of ((-16)/(-4))/(2/x).
2
Let c be 1 - (1 - (-8)/2). Suppose 0 = 2*r - 0*r - 14. Let x = c + r. What are the prime factors of x?
3
Let i be 12/(-8)*112/(-6). Suppose 3*l - i = -l. Let f = l + -4. What are the prime factors of f?
3
Suppose 0 = 7*z - 2*z - 145. List the prime factors of z.
29
Let x(j) = -j - 2. Let z be x(-6). Suppose z*k = -4, -2*k - 20 = -2*w + 34. Suppose -2*g = 2*b + g - 10, -3*b + g = -w. What are the prime factors of b?
2
Let d = 6 - 18. What are the prime factors of (-282)/d + (-6)/4?
2, 11
Suppose 3*a - a + 24 = 0. List the prime factors of (6/(-4))/(a/16).
2
Suppose 6 = -4*q - 2. Let a = 6 + q. Suppose -4*b + g + 4*g = -39, -49 = -a*b - 5*g. List the prime factors of b.
11
List the prime factors of ((-253)/(-5) - 8/(-20))*2.
2, 3, 17
Let c(i) = i**3 - 16*i**2 + 2*i - 7. List the prime factors of c(16).
5
Suppose -4*f = -8*f + 104. What are the prime factors of f?
2, 13
Let s = 5 - 2. Suppose 0 = -0*p + s*p - 21. Let l(d) = -d**2 + 8*d - 4. What are the prime factors of l(p)?
3
Let b(m) = -2*m - 12. Let k be b(-8). Suppose -n - 2 = -k. Suppose 5*f = 3*f - n*c + 24, 0 = -f + 3*c. List the prime factors of f.
3
Suppose 3*t + 9 = 3*c, -3*c + 0 = 3*t + 3. Let i be c - 4*(1 - 2). Suppose -i*v + 5*b + 8 = -17, v + 13 = -5*b. List the prime factors of v.
2
Let k(w) = 4*w**2 + 1. Let z be (1/(-2))/(2/(-4)). What are the prime factors of k(z)?
5
Suppose -4*p - 2*m = 6, -3*p + 3*m = -6*p - 9. Let d(t) = t**3 + t + 5. What are the prime factors of d(p)?
5
Let y = 10 + 3. Suppose -y = -3*w + 5. Suppose -40 = -4*u + p, u - 4 = 4*p + w. List the prime factors of u.
2, 5
Suppose 2*u - 4*u = 0. Suppose 52 = -u*f + 2*f + 4*w, 2*f - 46 = 2*w. What are the prime factors of f?
2, 3
Suppose 3*k = -4*i - 7, -7*k = -4*i - 3*k. Suppose 0*n + 70 = 5*n. Let f = n - i. What are the prime factors of f?
3, 5
Let y(l) = l**3 - 7*l**2 + 8*l - 1. Let x(w) = -2*w**3 + 14*w**2 - 17*w + 1. Let i(c) = 6*x(c) + 13*y(c). What are the prime factors of i(7)?
7
Let s be 7/(21/18) - 3. Suppose -d + 177 = 4*x, 210 = 5*x - d - 0*d. Suppose 5*r - 17 = 2*c + 28, -s*c = -4*r + x. List the prime factors of r.
7
Let q = -12 - -47. Suppose -3*d = -31 - q. List the prime factors of d.
2, 11
Let u be (14/8)/(2/8). Suppose t + 3*k = 17, -